f 1282?
1
What is the ten thousands digit of 49312?
4
What is the units digit of 22629?
9
What is the units digit of 1531?
1
What is the thousands digit of 1219?
1
What is the units digit of 107858?
8
What is the tens digit of 1905?
0
What is the units digit of 432?
2
What is the units digit of 802?
2
What is the thousands digit of 3995?
3
What is the tens digit of 84724?
2
What is the units digit of 377?
7
What is the tens digit of 949?
4
What is the hundreds digit of 5600?
6
What is the thousands digit of 13146?
3
What is the tens digit of 95636?
3
What is the tens digit of 20705?
0
What is the tens digit of 2849?
4
What is the hundreds digit of 1474?
4
What is the tens digit of 517?
1
What is the tens digit of 26391?
9
What is the hundreds digit of 32708?
7
What is the tens digit of 1763?
6
What is the ten thousands digit of 16579?
1
What is the units digit of 4024?
4
What is the thousands digit of 25641?
5
What is the units digit of 667?
7
What is the tens digit of 6071?
7
What is the hundreds digit of 21033?
0
What is the hundreds digit of 492?
4
What is the tens digit of 69118?
1
What is the tens digit of 1399?
9
What is the tens digit of 5564?
6
What is the units digit of 941?
1
What is the hundreds digit of 8257?
2
What is the units digit of 5913?
3
What is the hundreds digit of 441?
4
What is the tens digit of 4454?
5
What is the tens digit of 9139?
3
What is the tens digit of 101?
0
What is the units digit of 49070?
0
What is the tens digit of 805?
0
What is the tens digit of 4939?
3
What is the hundred thousands digit of 153171?
1
What is the units digit of 16929?
9
What is the tens digit of 4831?
3
What is the hundreds digit of 2596?
5
What is the hundreds digit of 21285?
2
What is the tens digit of 2907?
0
What is the units digit of 92?
2
What is the tens digit of 13655?
5
What is the tens digit of 3702?
0
What is the units digit of 895?
5
What is the thousands digit of 7286?
7
What is the thousands digit of 10819?
0
What is the hundreds digit of 31492?
4
What is the ten thousands digit of 21033?
2
What is the hundreds digit of 14804?
8
What is the hundreds digit of 4242?
2
What is the units digit of 737?
7
What is the hundreds digit of 77484?
4
What is the tens digit of 951?
5
What is the hundreds digit of 364?
3
What is the hundreds digit of 23887?
8
What is the tens digit of 11662?
6
What is the thousands digit of 43208?
3
What is the hundreds digit of 50475?
4
What is the tens digit of 1310?
1
What is the units digit of 2?
2
What is the ten thousands digit of 14294?
1
What is the thousands digit of 40797?
0
What is the tens digit of 32068?
6
What is the tens digit of 330?
3
What is the thousands digit of 4044?
4
What is the units digit of 35270?
0
What is the thousands digit of 21689?
1
What is the tens digit of 29316?
1
What is the units digit of 9635?
5
What is the tens digit of 130?
3
What is the units digit of 889?
9
What is the tens digit of 90374?
7
What is the units digit of 63?
3
What is the hundreds digit of 1169?
1
What is the tens digit of 639?
3
What is the units digit of 37990?
0
What is the thousands digit of 1806?
1
What is the hundreds digit of 6107?
1
What is the thousands digit of 6065?
6
What is the units digit of 957?
7
What is the tens digit of 342?
4
What is the units digit of 2980?
0
What is the units digit of 158?
8
What is the thousands digit of 112885?
2
What is the tens digit of 9412?
1
What is the tens digit of 19102?
0
What is the units digit of 4558?
8
What is the thousands digit of 1884?
1
What is the tens digit of 48601?
0
What is the hundreds digit of 3300?
3
What is the ten thousands digit of 15200?
1
What is the units digit of 10329?
9
What is the tens digit of 1125?
2
What is the hundreds digit of 3943?
9
What is the hundreds digit of 1183?
1
What is the thousands digit of 6426?
6
What is the units digit of 29377?
7
What is the units digit of 40557?
7
What is the tens digit of 12587?
8
What is the units digit of 122?
2
What is the tens digit of 20973?
7
What is the thousands digit of 12465?
2
What is the hundreds digit of 8771?
7
What is the thousands digit of 36701?
6
What is the units digit of 16895?
5
What is the thousands digit of 35684?
5
What is the thousands digit of 7378?
7
What is the hundreds digit of 99906?
9
What is the tens digit of 42154?
5
What is the ten thousands digit of 11215?
1
What is the units digit of 23035?
5
What is the thousands digit of 42724?
2
What is the thousands digit of 8021?
8
What is the ten thousands digit of 61981?
6
What is the thousands digit of 2533?
2
What is the units digit of 985?
5
What is the thousands digit of 13103?
3
What is the hundreds digit of 68627?
6
What is the tens digit of 2967?
6
What is the units digit of 9757?
7
What is the tens digit of 23567?
6
What is the thousands digit of 23134?
3
What is the hundreds digit of 213?
2
What is the units digit of 206?
6
What is the units digit of 663?
3
What is the tens digit of 121087?
8
What is the thousands digit of 1591?
1
What is the units digit of 32798?
8
What is the hundreds digit of 24368?
3
What is the tens digit of 7560?
6
What is the units digit of 2512?
2
What is the hundreds digit of 522?
5
What is the units digit of 57076?
6
What is the hundreds digit of 11396?
3
What is the tens digit of 4218?
1
What is the hundreds digit of 3617?
6
What is the tens digit of 5442?
4
What is the hundreds digit of 64193?
1
What is the thousands digit of 7883?
7
What is the units digit of 1118?
8
What is the units digit of 20661?
1
What is the units digit of 10348?
8
What is the tens digit of 611?
1
What is the units digit of 35416?
6
What is the hundreds digit of 800?
8
What is the hundreds digit of 187708?
7
What is the hundreds digit of 1616?
6
What is the hundred thousands digit of 100527?
1
What is the tens digit of 1091?
9
What is the tens digit of 11697?
9
What is the thousands digit of 1132?
1
What is the units digit of 499?
9
What is the hundreds digit of 1346?
3
What is the tens digit of 94557?
5
What is the hundreds digit of 1129?
1
What is the thousands digit of 2033?
2
What is the units digit of 59250?
0
What is the thousands digit of 2174?
2
What is the thousands digit of 17901?
7
What is the ten thousands digit of 48241?
4
What is the thousands digit of 47417?
7
What is the tens digit of 231?
3
What is the thousands digit of 47453?
7
What is the ten thousands digit of 74886?
7
What is the tens digit of 1836?
3
What is the tens digit of 78?
7
What is the units digit of 7860?
0
What is the units digit of 40638?
8
What is the hundreds digit of 4037?
0
What is the units digit of 582?
2
What is the hundreds digit of 3173?
1
What is the tens digit of 1926?
2
What is the hundreds digit of 1191?
1
What is the hundreds digit of 42785?
7
What is the units digit of 21?
1
What is the units digit of 919?
9
What is the ten thousands digit of 46143?
4
What is the hundreds digit of 1154?
1
What is the thousands digit of 2762?
2
What is the hundreds digit of 112306?
3
What is the units digit of 27692?
2
What is the hundreds digit of 8862?
8
What is the units digit of 1807?
7
What is the units digit of 2879?
9
What is the hundreds digit of 44298?
2
What is the hundreds digit of 1410?
4
What is the hundreds digit of 1190?
1
What is the hundreds digit of 19144?
1
What is the tens digit of 16678?
7
What is the hundreds digit of 205?
2
What is the hundreds digit of 5266?
2
What is the units digit of 1027?
7
What is the ten thousands digit of 31580?
3
What is the tens digit of 8881?
8
What is the units digit of 717?
7
What is the units digit of 141?
1
What is the thousands digit of 12591?
2
What is the hundreds digit of 530?
5
What is the thousands digit of 4429?
4
What is the units digit of 4950?
0
What is the units digit of 15329?
9
What is the tens digit of 8869?
6
What is the hundreds digit of 2284?
2
What is the hundreds digit of 963?
9
What is the tens digit of 915?
1
What is the hundreds digit of 591?
5
What is the ten thousands digit of 29668?
2
What is the thousands digit of 2812?
2
What is the hundreds digit of 459?
4
What is the units digit of 9987?
7
What is the ten thousands digit of 84955?
8
What is the units digit of 4096?
6
What is the thousands digit of 1233?
1
What is the hundreds digit 